 = h - j. What is the units digit of h?
1
Let y(w) = -76*w + 4. What is the tens digit of y(-2)?
5
Let q be 8/(-24) - (-58)/(-6). What is the units digit of (-228)/(-5) - 4/q?
6
Suppose 4*q + 4*f = 177 + 195, 4*f + 340 = 4*q. What is the tens digit of q?
8
Let v = -3 + -1. What is the units digit of ((-6)/v)/(2/4)?
3
Let y(f) = -1 + 2*f - 10*f**2 - 1 + 26*f**2. Let k be y(-2). Let q = -39 + k. What is the tens digit of q?
1
Suppose 3*d + 2*d = 20. Suppose 2*a + 35 = -d*x + 187, 4*x - 5*a - 166 = 0. What is the units digit of x?
9
Suppose -2*x - 8 = 5*v, x = -3*x - v + 2. Let j(t) = 3*t + 1. Let l be j(x). What is the units digit of l/(-14) + (-60)/(-14)?
4
Suppose 10*z - 1280 = -10*z. What is the units digit of z?
4
Let b be 126/(-15) + 3/(-5). Let o = -3 - b. What is the units digit of 2/(-2 + 4) + o?
7
Let k(w) = -5*w**2 + 11*w - 4. Let a(f) = -4*f**2. Let h(y) = -y**2. Let g(p) = a(p) - 5*h(p). Let t(m) = -6*g(m) - k(m). What is the units digit of t(-11)?
4
Let a = 1 + 1. Suppose -a*j = 3*x - 4, 5*j - 6*x = -x + 10. Suppose -3*o + 2*u = -j, 3*u + 3 - 2 = 4*o. What is the units digit of o?
4
Suppose -12 = -0*b + 4*b. What is the units digit of 18 - (b + -1 + 1)?
1
Suppose u = 3*u. Suppose n = -4*x + 33, u*x + 5*x - 51 = -2*n. What is the tens digit of n?
1
Let n = -2 + -1. Let t(z) = z**3 + 5*z**2 + 4*z. What is the units digit of t(n)?
6
Suppose 2*d = -4*g + 3*g + 21, 0 = -d + 2*g + 23. Suppose -5*f + d + 17 = 0. What is the units digit of f?
6
Suppose -4*o + 0*u = -3*u - 107, -75 = -3*o + 4*u. Let k = -5 + 9. Suppose -20 = -3*z - i, -k*z - 4 = 3*i - o. What is the units digit of z?
7
Let l(k) = -10 - 3 + 2*k - 4 + k. What is the units digit of l(8)?
7
Let g be (-33 + 0)*(-4)/(-6). Let n be 2/11 + 136/g. What is the units digit of n/(-3) + 0 - -1?
3
Suppose 0 = -3*c - f + 5*f + 103, 4*f - 102 = -2*c. What is the units digit of c?
1
Let p be (-3 - (-3 - -2)) + 2. Let q be 1 + -2 + p - 9. What is the units digit of 9/15 + (-24)/q?
3
Suppose 557 = 3*n + 2*u, -4 = 5*u + 21. What is the tens digit of n?
8
Suppose 0 = -3*f + 2*x + 98, -2*x = 5*f - 3*x - 154. What is the units digit of f?
0
Let q = -28 + 32. What is the units digit of (7 - 2) + (q - 8)?
1
Let g = 4 + 48. What is the tens digit of g?
5
Suppose -5*l + 2 + 7 = -2*u, -l + 1 = 0. What is the tens digit of u/((-17)/(-6) + -3)?
1
Suppose 0 = -3*n - 3*h - 1 + 16, n - 5 = 5*h. Suppose -g = 5*x - 4*g - 74, -n*x + 90 = 5*g. What is the tens digit of x?
1
Let g(c) = c**2 + 2*c - 4. Let k be g(-4). Suppose 0 - 4 = -k*d. What is the units digit of 6 + d + 0/4?
7
Suppose 3*d + 2*c + 13 = c, 3*c = -3*d - 21. What is the units digit of (30/(-9) + 3)*d?
1
Suppose -p = -1 - 1. Suppose -p*l + 4*v = -6*l + 4, 3*v + 3 = -2*l. Let m = l + -2. What is the units digit of m?
4
Let s(j) = -j**3 + 5*j**2 + 10*j + 13. What is the units digit of s(-4)?
7
Suppose 4*j - 165 = -3*z + 378, -3*j = z - 181. What is the units digit of z?
1
Suppose 5*t - 20 = -5*v - 0*t, 0 = -t - 3. Suppose 5 = 5*h + 2*n - v*n, -4*h + 5*n = -3. Suppose -4*j + 12 = -h*j. What is the units digit of j?
6
Let j = 9 - 6. Suppose -8*q - l + 39 = -3*q, 0 = -2*q + j*l + 2. What is the units digit of q?
7
Suppose 3*r + 1 = 2*r. What is the units digit of (3 + -2)/r*-7?
7
Let t(w) = w**2 + 5*w - 2. What is the units digit of t(-6)?
4
Suppose 4*j + 0*j - 20 = -4*l, 15 = 5*j + 3*l. Suppose u - 2 = -j*u. What is the units digit of u?
2
Suppose 180 = s - 2*j, 0 = -2*s + 3*s + 3*j - 165. Suppose c = 4*c - s. What is the units digit of c?
8
Let d(g) = -3 - 15*g + 12*g + 3 + 6. What is the units digit of d(-8)?
0
Suppose 5*b + 20 = 0, 0*b = 5*q - 5*b + 55. What is the units digit of q/(-2) - 2/4?
7
Suppose -5*x + 21 + 4 = 0. What is the units digit of x?
5
What is the tens digit of 301/13 - (-22)/(-143)?
2
Let q(f) = -f - 8. Let h be q(-8). Suppose m + h*m + 1 = 0. What is the tens digit of (2 - m - -10)/1?
1
Suppose -5*z + 2*z + 193 = 5*y, 4*y - 2*z = 172. Let c = y - 24. What is the tens digit of c?
1
What is the hundreds digit of (((-4)/12)/((-1)/(-417)))/(-1)?
1
Let l(v) = -v**3 - 16*v**2 - 17*v - 3. What is the units digit of l(-15)?
7
Let i(h) = h**2 + 6*h - 3. Let k be i(-6). What is the tens digit of (-3 + 1/(-3))*k?
1
Let z be 3/9*(-1 + 1). Suppose z*a + 2*a - 3*s - 44 = 0, -4*a = -4*s - 84. Let j = a - 11. What is the units digit of j?
8
Let j = 76 - 26. What is the tens digit of j?
5
Let a be -2 - (3*-1 - -1). Suppose 5*q - 103 + 13 = a. Suppose -m + 3*m + 4*f - q = 0, 4*m + 2*f = 18. What is the units digit of m?
3
Let y(n) = -16*n - 1. Let g be y(-2). Suppose 4*f - 3*f - g = -w, -132 = -4*w - 2*f. What is the units digit of w?
5
Let t(c) = c**2 - c + 31. What is the tens digit of t(15)?
4
Suppose -3*f = -19 - 41. Suppose 4*u + 3*h = -15, 4*u + 0*u + f = -4*h. Let p(o) = o**3 + 7. What is the units digit of p(u)?
7
Let b = -3 - -54. What is the units digit of b?
1
Let q(j) = 134*j**3 - 2*j**2 - 4*j + 5. What is the units digit of q(1)?
3
Let q be -1 + 5 + (6 - 4). Let p be q/5*(-40)/(-6). Let d(y) = 3*y - 10. What is the units digit of d(p)?
4
Suppose z - 1 = -2*c - 0*c, -z = -4*c - 7. Let o = -15 + c. Let a = 23 + o. What is the units digit of a?
7
Let g(l) = l + 6. Let t be g(-6). Suppose -2*a + t*a = 0. Suppose a*i = -5*i + 35. What is the units digit of i?
7
Let q(j) = j - 4. Let v = 8 - -1. Let k be q(v). Suppose 8*m = k*m + 15. What is the units digit of m?
5
Suppose -4*w - 3*g - 261 = -w, -4*w + 4*g - 356 = 0. Let f = -48 - w. What is the units digit of f?
0
Suppose -7*a + 30 = -a. What is the units digit of a?
5
Let b(c) = c**3 + 7*c**2 + 2*c + 9. Let h be b(-7). Let l be (6/h)/(3/(-15)). Let u = l + 2. What is the units digit of u?
8
Let o(g) be the second derivative of g**4/6 - 2*g**3/3 - g**2/2 + 2*g. What is the units digit of o(3)?
5
Let d(l) = l**2 + l + 2. What is the units digit of d(-4)?
4
Let y = 2 + 1. Suppose y*d - 12 = -0*d. Suppose d*s + 24 = 60. What is the units digit of s?
9
Let x(a) = -15*a + 12. What is the units digit of x(-5)?
7
Let g(c) = -2*c - 9. Let d be g(-7). Suppose -3*h + 3 = -51. Suppose d*b = 17 + h. What is the units digit of b?
7
Suppose -2 = -2*w + 2. Suppose w*c + 2*c = 0. Suppose v = h + 21, c = -3*v - 4*h + 5 + 23. What is the units digit of v?
6
Let g(w) = w + 7. Let l be g(-6). What is the units digit of (-3)/(-3)*(l - -6)?
7
Suppose 0*a + 2*a - 10 = 0. Suppose -a*k + k = 32. Let j = k + 24. What is the tens digit of j?
1
Let p be (8/3)/((-4)/(-18)). Suppose c = -c + p. Let q = -2 + c. What is the units digit of q?
4
Let b be 9/(-6) + (-2)/4. What is the units digit of (207/6)/(-3)*b?
3
Let s(g) = 5*g + 7. Let b be s(4). Let q = 4 + b. What is the units digit of q?
1
Suppose -5*l = -0*l. Suppose -6 = -2*t - 4*b, -2*t - 5*b + 2 = -l. What is the tens digit of t?
1
Let q be ((-6)/8)/((-1)/(-4)). Let y be 39/(-4) + q/12. What is the units digit of (-10)/(-25) + (-86)/y?
9
Let p = 162 - 80. What is the units digit of p?
2
Suppose 0 = -3*k - 2 + 5. Suppose -k - 2 = -3*j. What is the units digit of j?
1
Let x = -7 + 9. Suppose h = -2*h - 9, 3*v = -x*h + 27. What is the units digit of v?
1
Let y be 120/32*(-64)/(-6). Suppose 5*o - y = -0*o. What is the units digit of o?
8
Let w be (1 + 0)/((-5)/(-15)). Suppose 0 = -2*v + w*u + 20, 3*u - 7*u = 3*v + 4. What is the units digit of v?
4
Let t(k) = k**3 - 3*k**2 + 3*k + 3. Let d(h) = -2*h - 4. Let r be d(-4). Let s be t(r). Suppose 4 = -3*p + s. What is the units digit of p?
9
Let j = 130 - 66. What is the units digit of j?
4
Let n(k) = 6*k**2 - k - 1. Let b be n(-1). Let l(m) = m - 2. What is the units digit of l(b)?
4
Suppose x + 19 + 16 = 0. Let z be (0 + 2)/2 - x. Suppose -3*i = 4*q - z, 2*q = 4*q - 6. What is the units digit of i?
8
Suppose 5*w + 27 = -4*z, 0 = z - 0 + 3. What is the units digit of 3 - (2*w + 3)?
6
Let t = 3 + -1. Suppose -4*a - t*l + 61 + 35 = 0, a + 5*l - 42 = 0. Suppose 0 = 4*w - a + 2. What is the units digit of w?
5
Let t be -6 - (2 + -1)*2. Let f(v) = v**2 + 8*v - 2. Let o be f(t). Let m = 4 + o. What is the units digit of m?
2
Let d = -160 + 196. What is the units digit of d?
6
Let v(m) = -m**3 - 8*m**2 - 4*m - 4. What is the units digit of v(-9)?
3
Suppose 3 = -q + 1. Let a be q*(-3)/(-6)*-20. Suppose -4 = 2*v - a. What 